e 24816?
True
Is 11 a factor of 99660?
True
Is 645 a multiple of 15?
True
Is 167 a factor of 12460?
False
Is 46 a factor of 3036?
True
Is 715 a multiple of 13?
True
Is 1488 a multiple of 12?
True
Is 1647 a multiple of 61?
True
Is 14 a factor of 3486?
True
Does 88 divide 88?
True
Is 46 a factor of 23598?
True
Is 11130 a multiple of 15?
True
Is 8 a factor of 1656?
True
Is 16 a factor of 4944?
True
Is 16 a factor of 36384?
True
Is 3073 a multiple of 21?
False
Is 4 a factor of 56?
True
Does 10 divide 26370?
True
Is 8349 a multiple of 121?
True
Does 16 divide 915?
False
Is 11 a factor of 288?
False
Is 19648 a multiple of 32?
True
Is 3880 a multiple of 30?
False
Does 139 divide 6394?
True
Does 6 divide 594?
True
Is 4 a factor of 68?
True
Is 11904 a multiple of 22?
False
Is 1089 a multiple of 33?
True
Does 4 divide 309?
False
Is 31 a factor of 5363?
True
Is 25 a factor of 4500?
True
Is 10 a factor of 831?
False
Is 16 a factor of 356?
False
Is 776 a multiple of 32?
False
Does 32 divide 6336?
True
Is 1359 a multiple of 21?
False
Is 3 a factor of 24?
True
Is 19 a factor of 304?
True
Is 13 a factor of 481?
True
Does 24 divide 6792?
True
Is 198 a multiple of 2?
True
Is 1800 a multiple of 75?
True
Is 2 a factor of 1841?
False
Is 9 a factor of 183?
False
Is 180 a multiple of 5?
True
Is 39 a factor of 351?
True
Is 681 a multiple of 3?
True
Does 12 divide 1358?
False
Is 379 a factor of 139284?
False
Is 16 a factor of 26928?
True
Does 26 divide 42536?
True
Is 7176 a multiple of 101?
False
Is 101 a factor of 2727?
True
Is 3 a factor of 170?
False
Is 15 a factor of 225?
True
Is 15 a factor of 660?
True
Is 2303 a multiple of 49?
True
Does 9 divide 5553?
True
Is 32 a factor of 3423?
False
Is 3456 a multiple of 9?
True
Is 984 a multiple of 21?
False
Does 7 divide 9009?
True
Is 7 a factor of 343?
True
Is 9016 a multiple of 136?
False
Is 52 a factor of 18148?
True
Does 4 divide 2670?
False
Is 4781 a multiple of 7?
True
Is 4009 a multiple of 17?
False
Is 3096 a multiple of 9?
True
Does 4 divide 2024?
True
Is 3139 a multiple of 22?
False
Does 43 divide 10793?
True
Is 5551 a multiple of 11?
False
Does 14 divide 86100?
True
Is 3256 a multiple of 44?
True
Does 19 divide 247?
True
Does 16 divide 46720?
True
Does 108 divide 1390?
False
Is 192 a factor of 21696?
True
Does 24 divide 2960?
False
Is 56 even?
True
Is 4 a factor of 1043?
False
Is 11 a factor of 173250?
True
Does 8 divide 39720?
True
Is 9 a factor of 117?
True
Is 105742 a multiple of 182?
True
Is 8446 a multiple of 21?
False
Is 175 a factor of 6407?
False
Does 144 divide 8111?
False
Does 82 divide 10236?
False
Is 604 a multiple of 40?
False
Is 455 a multiple of 16?
False
Is 22 a factor of 351?
False
Does 2 divide 181?
False
Does 6 divide 78?
True
Is 1591 a multiple of 37?
True
Is 576 a multiple of 64?
True
Is 1953 a multiple of 93?
True
Is 1044 a multiple of 58?
True
Is 131162 a multiple of 40?
False
Does 5 divide 230?
True
Is 20 a factor of 2038?
False
Is 60 a factor of 27180?
True
Is 60 a factor of 1140?
True
Does 11 divide 454?
False
Is 468 a multiple of 18?
True
Is 50994 a multiple of 199?
False
Is 31 a factor of 56668?
True
Is 20 a factor of 51947?
False
Is 562 a multiple of 7?
False
Does 42 divide 664?
False
Is 53 a factor of 1855?
True
Is 697 a multiple of 41?
True
Does 36 divide 1054?
False
Does 13 divide 58?
False
Does 10 divide 1935?
False
Does 10 divide 9120?
True
Is 11 a factor of 3801?
False
Is 11 a factor of 842?
False
Is 4 a factor of 4?
True
Is 5 a factor of 815?
True
Does 26 divide 1586?
True
Does 136 divide 10003?
False
Is 1854 a multiple of 130?
False
Does 44 divide 2270?
False
Does 18 divide 2690?
False
Does 48 divide 6532?
False
Does 16 divide 208?
True
Is 55900 a multiple of 100?
True
Is 33 a factor of 4620?
True
Is 73730 a multiple of 6?
False
Is 15 a factor of 74952?
False
Is 24 a multiple of 8?
True
Does 13 divide 4992?
True
Does 10 divide 10?
True
Is 3140 a multiple of 10?
True
Is 5107 a multiple of 95?
False
Does 41 divide 42107?
True
Is 13 a factor of 14261?
True
Does 17 divide 35470?
False
Is 29 a factor of 23780?
True
Is 11 a factor of 1826?
True
Is 20 a factor of 32727?
False
Does 10 divide 420?
True
Is 11 a factor of 12287?
True
Is 22 a factor of 682?
True
Is 19 a factor of 380?
True
Is 7839 a multiple of 8?
False
Is 35233 a multiple of 20?
False
Is 20 a factor of 4960?
True
Does 11 divide 30861?
False
Is 1168 a multiple of 8?
True
Does 61 divide 1164?
False
Is 50 a multiple of 6?
False
Does 2 divide 217?
False
Does 11 divide 41051?
False
Is 178 even?
True
Is 2040 a multiple of 68?
True
Is 35786 a multiple of 20?
False
Is 10 a factor of 2080?
True
Is 271 a factor of 17554?
False
Is 23 a factor of 35995?
True
Is 26 a factor of 41829?
False
Does 26 divide 2641?
False
Is 73467 a multiple of 48?
False
Does 51 divide 5151?
True
Is 4884 a multiple of 16?
False
Does 12 divide 576?
True
Is 3 a factor of 262?
False
Is 2 a factor of 408?
True
Is 5 a factor of 675?
True
Is 20 a factor of 48320?
True
Is 2304 a multiple of 144?
True
Is 22900 a multiple of 100?
True
Is 134 a factor of 2814?
True
Is 5 a factor of 1210?
True
Does 38 divide 1206?
False
Does 2 divide 22?
True
Is 68 a factor of 985?
False
Is 7 a factor of 5531?
False
Is 174 a factor of 41760?
True
Does 7 divide 6395?
False
Is 54 a multiple of 2?
True
Is 10085 even?
False
Is 1075 a multiple of 27?
False
Does 23 divide 5355?
False
Is 8 a factor of 113?
False
Is 59832 a multiple of 13?
False
Is 7290 a multiple of 162?
True
Does 61 divide 3721?
True
Is 8 a factor of 1507?
False
Does 8 divide 85?
False
Is 127 a factor of 16637?
True
Is 93 a multiple of 2?
False
Is 3890 a multiple of 20?
False
Does 65 divide 2957?
False
Is 146 a factor of 5694?
True
Does 53 divide 1791?
False
Does 13 divide 10168?
False
Is 4136 a multiple of 17?
False
Does 37 divide 851?
True
Is 885 a multiple of 15?
True
Is 14 a factor of 57279?
False
Is 76 a factor of 449?
False
Is 2495 a multiple of 11?
False
Is 5756 a multiple of 119?
False
Is 936 a multiple of 72?
True
Is 239 a multiple of 2?
False
Is 9102 a multiple of 111?
True
Is 18 a factor of 2153?
False
Is 40 a factor of 596?
False
Is 1092 a multiple of 39?
True
Is 29 a factor of 59044?
True
Does 8 divide 307?
False
Is 1269 a multiple of 47?
True
Does 91 divide 149513?
True
Is 62 a factor of 32240?
True
Is 66 a factor of 10428?
True
Is 3356 a multiple of 11?
False
Does 13 divide 13975?
True
Is 5 a factor of 3746?
False
Is 437 a multiple of 19?
True
Is 10 a factor of 1990?
True
Is 13760 a multiple of 45?
False
Does 6 divide 1079?
False
Is 1102 a multiple of 38?
True
Is 3 a factor of 58?
False
Is 4 a factor of 4708?
True
Is 61 a factor of 21167?
True
Is 2288 a multiple of 16?
True
Does 14 divide 18042?
False
Does 16 divide 2743?
False
Does 26 divide 1040?
True
Is 729 a multiple of 5?
False
Does 29 divide 116?
True
Does 85 divide 74375?
True
Does 28 divide 2105?
False
Is 12 a factor of 1206?
False
Is 1280 a multiple of 90?
False
Does 6 divide 47?
False
Does 9 divide 548?
False
Is 83 a factor of 7138?
True
Is 111 a factor of 3516?
False
Is 91 a multiple of 4?
False
Is 141 a multiple of 13?
False
Does 22 divide 980?
False
Does 84 divide 4032?
True
Is 31 a factor of 2572?
False
Is 16476 a multiple of 56?
False
Is 53 a factor of 4662?
False
Is 173 a multiple of 5?
False
Is 31 a factor of 42856?
False
Does 5 divide 4379?
False
Is 21440 a multiple of 32?
True
Does 13 divide 12675?
True
Is 27 a factor of 11745?
True
Is 46 a multiple of 45?
False
Is 324 a multiple of 12?
True
Does 5 divide 1805?
True
Is 12375 a multiple of 55?
True
Does 160 divide 75200?
True
Is 44 a factor of 11088?
True
Does 43 divide 80328?
False
Is 7 a factor of 710?
False
Is 361 a multiple of 21?
False
Does 172 divide 37324?
True
Is 81 a factor of 7614?
True
Is 297 a multiple of 17?
False
Does 4 divide 22?
False
Is 3081 a multiple of 39?
True
Is 618 a multiple of 27?
False
Is 11 a factor of 101335?
False
Does 6 divide 2419?
False
Is 13 a factor of 4914?
True
Is 5 a factor of 3900?
True
Is 38 a factor of 304?
True
Does 35 divide 178710?
True
Does 42 divide 924?
True
Is 1346 even?
True
Is 10 a factor of 684?
False
Does 86 divide 5246?
True
Is 6 a factor of 656?
False
Is 453 a multiple of 3?
True
Is 615 a multiple of 5?
True
Does 115 divide 32678?
Fa